- -b?
-6a7
In base 14, what is -8 + -11?
-19
In base 6, what is 5 - 10102?
-10053
In base 8, what is -51 - 75?
-146
In base 8, what is -131 + 4?
-125
In base 7, what is -6 + -311?
-320
In base 9, what is 17 + -620?
-602
In base 13, what is -a + -6?
-13
In base 2, what is -11000000 + 10001?
-10101111
In base 2, what is -1 - 110011?
-110100
In base 14, what is 3 + aa?
ad
In base 8, what is 126 - 4?
122
In base 4, what is -2 - 3312?
-3320
In base 3, what is 10 - -12011?
12021
In base 9, what is -1084 + -4?
-1088
In base 14, what is 11 - -c5?
d6
In base 11, what is 5 + -137?
-132
In base 11, what is 281 + -25?
257
In base 4, what is 110 + -2112?
-2002
In base 13, what is -5 + 6?
1
In base 10, what is -88 + -8?
-96
In base 15, what is -140 - -d?
-132
In base 5, what is -1 + 11113?
11112
In base 10, what is 5 - -640?
645
In base 3, what is -2 - -2021?
2012
In base 6, what is -1 + -134?
-135
In base 9, what is -5 - -4738?
4733
In base 9, what is 27 + -16?
11
In base 16, what is 5 - -824?
829
In base 13, what is -6 - 297?
-2a0
In base 6, what is -223 + -11?
-234
In base 10, what is -31 - -49?
18
In base 16, what is -4 - 377?
-37b
In base 10, what is -7 + 9?
2
In base 16, what is 0 + 44?
44
In base 3, what is 11012210 + -2?
11012201
In base 14, what is -5 + -50?
-55
In base 13, what is -3c + 6?
-36
In base 16, what is -4 + 11?
d
In base 11, what is -2 + -81?
-83
In base 3, what is 12 + -10011?
-2222
In base 4, what is 20330 - -12?
21002
In base 10, what is 490 - 2?
488
In base 10, what is -2 + -4691?
-4693
In base 15, what is -1d2 - 2?
-1d4
In base 10, what is 34 + -22?
12
In base 13, what is -2 - a9a?
-a9c
In base 7, what is 31 + -230?
-166
In base 11, what is -534 - -4?
-530
In base 10, what is 73 + -5?
68
In base 11, what is -17 - -11?
-6
In base 9, what is -2 - -5?
3
In base 9, what is -84 - -3?
-81
In base 7, what is -2032 + -30?
-2062
In base 14, what is -8 - -8?
0
In base 3, what is -2100 - -111?
-1212
In base 4, what is -10 + -10230?
-10300
In base 15, what is 27d + -1c?
261
In base 12, what is -1 - -946?
945
In base 8, what is 0 + 5303?
5303
In base 3, what is -10001 - 12?
-10020
In base 5, what is 244 + -20?
224
In base 3, what is -21 - 20212?
-21010
In base 9, what is 1563 - 7?
1555
In base 12, what is 270 - 2?
26a
In base 15, what is 21dd - -2?
21e0
In base 8, what is 3 + 67?
72
In base 10, what is -9 - 34?
-43
In base 4, what is -2222 - 10?
-2232
In base 2, what is -1 + 10101011?
10101010
In base 7, what is 12412 - -5?
12420
In base 15, what is -3 + 87?
84
In base 7, what is -210 - -3?
-204
In base 14, what is 343 - 0?
343
In base 11, what is 2a + -1?
29
In base 10, what is -4 - -317?
313
In base 9, what is -16562 - 5?
-16567
In base 7, what is 0 - 343?
-343
In base 10, what is -2532 + 5?
-2527
In base 6, what is -355 + -1?
-400
In base 4, what is 32 + 3122?
3220
In base 8, what is 23061 + 0?
23061
In base 10, what is -85 - 1?
-86
In base 9, what is 277 + -11?
266
In base 7, what is 22 - 11?
11
In base 2, what is -110100 - 0?
-110100
In base 4, what is 11 + 230?
301
In base 15, what is 1a - e?
b
In base 7, what is 23 + 2616?
2642
In base 12, what is 5 + -139?
-134
In base 3, what is 11022 - -11210?
100002
In base 2, what is 1000100 + 11001?
1011101
In base 9, what is 3 - -7307?
7311
In base 12, what is -64 + 2?
-62
In base 4, what is -1 - -311?
310
In base 14, what is -b5 + -c9?
-1a0
In base 3, what is -2121200 - -12?
-2121111
In base 11, what is 133 - -4?
137
In base 9, what is 2 + 72?
74
In base 11, what is -1 - -117?
116
In base 7, what is -1212 - 1?
-1213
In base 10, what is 4 - -187?
191
In base 9, what is 3 + -133?
-130
In base 16, what is -2 + 574?
572
In base 4, what is 0 + -2?
-2
In base 12, what is 5 - -620?
625
In base 2, what is -1101 + -110100?
-1000001
In base 15, what is 6 + -6c?
-66
In base 4, what is 2 - -11?
13
In base 9, what is 773 - -12?
785
In base 15, what is -7c15 + -3?
-7c18
In base 14, what is -1a5 - -1?
-1a4
In base 8, what is 3 - -236?
241
In base 3, what is -10002012 - 12?
-10002101
In base 9, what is 208 - 5?
203
In base 5, what is -11 + -14?
-30
In base 13, what is -20 + 25?
5
In base 16, what is -6 - 156?
-15c
In base 13, what is 1 + -12?
-11
In base 8, what is 0 - -64?
64
In base 5, what is 2440 - 0?
2440
In base 16, what is 2 + 71?
73
In base 3, what is -1000 - 2001?
-10001
In base 14, what is -1536 + 2?
-1534
In base 7, what is 2466 - -3?
2502
In base 2, what is -101101 - 100?
-110001
In base 8, what is 21 + 66?
107
In base 4, what is -110231 - 11?
-110302
In base 6, what is 4 - 2134?
-2130
In base 16, what is -5 - 56a?
-56f
In base 7, what is -12 + 21?
6
In base 15, what is -3 + -23?
-26
In base 14, what is ba2 - -8?
baa
In base 11, what is 18 + 37?
54
In base 3, what is -1012 - 12?
-1101
In base 14, what is bd + 1d?
dc
In base 13, what is -25 + 9?
-19
In base 7, what is 14 + -55?
-41
In base 10, what is -61 + 5?
-56
In base 16, what is 5 - -299?
29e
In base 4, what is 12 - -11020?
11032
In base 13, what is 0 - 6?
-6
In base 8, what is -2363 + 5?
-2356
In base 14, what is -996 - 4?
-99a
In base 12, what is 102 - -5?
107
In base 10, what is -34 + -5?
-39
In base 7, what is 5 - 103?
-65
In base 8, what is 505 + 4?
511
In base 6, what is -12050 - 14?
-12104
In base 9, what is 1727 - -1?
1728
In base 14, what is -1b + -5d8?
-615
In base 8, what is 132 - -120?
252
In base 5, what is 232 + -4?
223
In base 12, what is -5 - -53?
4a
In base 13, what is -6 - -42?
39
In base 7, what is 255 + -2?
253
In base 7, what is 2445 + -5?
2440
In base 6, what is 320 + -3?
313
In base 16, what is 4 - -54?
58
In base 14, what is -9ab + -5?
-9b2
In base 10, what is -10224 - -2?
-10222
In base 6, what is 4 - -14?
22
In base 7, what is 360 - 2?
355
In base 9, what is 1086 - 2?
1084
In base 6, what is 13 - 354?
-341
In base 15, what is 15b - 4?
157
In base 9, what is -223 - -2?
-221
In base 6, what is 34 - 11250?
-11212
In base 9, what is 451 + -6?
444
In base 8, what is 33 + -2?
31
In base 6, what is -4 + -55?
-103
In base 5, what is -1 + -123?
-124
In base 13, what is 160 - 1?
15c
In base 5, what is 2200 - -22?
2222
In base 8, what is 132 - -14?
146
In base 14, what is 5 + 24b?
252
In base 2, what is -1101 - -1000100101?
1000011000
In base 5, what is -3 - 44?
-102
In base 8, what is 60422 + -2?
60420
In base 14, what is 18 + 4?
1c
In base 16, what is 69d + 3?
6a0
In base 13, what is 3b + -1?
3a
In base 8, what is -74 + -34?
-130
In base 16, what is -4d - 2?
-4f
In base 12, what is 1b + -97?
-78
In base 2, what is 10 + -11110000110?
-11110000100
In base 6, what is 1245 - -1?
1250
In base 2, what is -10110100 - -11?
-10110001
In base 8, what is 75 + -30?
45
In base 3, what is 2102012 - -10?
2102022
In base 8, what is 3 - 1075?
-1072
In base 15, what is -24c + 3?
-249
In base 10, what is 287 + 3?
290
In base 4, what is -230 + 3?
-221
In base 15, what is 4 + -35?
-31
In base 5, what is -340 + -33?
-423
In base 8, what is 5 - 316?
-311
In base 12, what is -4 - -a4?
a0
In base 13, what is 292 - -4?
296
In base 9, what is 147 + -7?
140
In base 13, what is -390 - -2?
-38b
In base 14, what is -72 - 2?
-74
In base 8, what is -2 - 24?
-26
In base 13, what is 36 - -72?
a8
In base 14, what is -7 + 7?
0
In base 7, what is -104 + 300?
163
In base 15, what is 10b - -4?
110
In base 4, what is -101 - 11?
-112
In base 11, what is -2 + a6?
a4
In base 12, what is -3 - -95?
92
In base 2, what is -10100100 + -101?
-10101001
In base 5, what is 2 - -221?
223
In base 6, what is -2414 - 11?
-2425
In base 15, what is 7c0 + -5?
7ba
In base 14, what is -2 + -182?
-184
In base 12, what is b + 2?
11
In base 13, what is 112a - 2?
1128
In base 12, what is 8 + 8?
14
In base 11, what is 53 + 13?
66
In base 9, what is 42 + -52?
-10
In base 16, what is 1 + -121?
-120
In base 7, what is 122 + 32?
154
In base 6, what is 2201 - 5?
2152
In base 6, what is -3345 + 3?
-3342
In base 3, what is -1 - 122?
-200
In base 2, what is 100010000 - 11?
100001101
In base 15, what is -4d + -1?
-4e
In base 9, what is 2 + -8?
-6
In base 2, what is -1000 - 1110001?
-1111001
In base 10, what is 5 + 367?
372
In base 10, what is 239 + 3?
242
In base 8, what is -2234 + -4?
-2240
In base 5, what is -40424 + 1?
-40423
In base 16, what is 14 + -12?
2
In base 5, what is -10 - 20?
-30
In bas